ppose 7*u - 42 = -0*u. Is (u - 2) + (3037 - 0) a prime number?
True
Suppose -168*k - 21 = -175*k. Suppose k*w - 6051 = 2*m, -11*w - 8070 = -15*w + 2*m. Is w prime?
False
Let n = 33428 - 13375. Is n composite?
True
Let j(k) = -k**3 + 2*k**2 - 5*k - 25. Suppose 366 = -26*y + 54. Is j(y) a composite number?
True
Suppose -11*a = -6 - 38. Let i(d) = 324*d**2 + 13*d - 9. Is i(a) a composite number?
False
Let u(f) = -f**3 + 10*f**2 - 8*f - 5. Let w be u(9). Suppose 4*p = -5*z - 172, 0 = w*p - 0*p + 12. Let x = 127 + z. Is x composite?
True
Let h(v) = -6*v**3 - 3*v**2 + 43*v - 5. Let g(n) = -5*n**3 - 4*n**2 + 41*n - 3. Let p(o) = 3*g(o) - 2*h(o). Is p(-12) prime?
True
Let l(t) = 234*t - 37. Let f(h) = h**2 + 10*h + 15. Let v(w) = w**2 + 16*w + 30. Let x be v(-13). Let q be f(x). Is l(q) prime?
True
Let x(n) = 16*n**3 - 29*n**2 + 41*n + 59. Let c be x(18). Suppose 7*j = c - 22392. Is j a composite number?
True
Is 1 - -590803 - (176 - 187) prime?
False
Let o(b) = -b**2 + b - 1. Let a(r) = 299*r**2 - 5. Let l(f) = -a(f) + 4*o(f). Let w be l(-2). Let m = w - -1860. Is m a composite number?
False
Let y(w) = -6*w + 55. Let t be y(8). Suppose -t*v + 3397 = -2742. Is v a prime number?
True
Suppose -2*o + 63709 = 771. Is o composite?
False
Suppose 0 = 3*p - 4*k - 52, p + 3*p - 61 = -3*k. Suppose 4*y + 4*y = p. Is ((-2)/5)/(y/(-1490)) a prime number?
False
Let y be 4*(34/(-8) - (-17 - -20)). Let g = 626 - y. Is g a prime number?
False
Suppose 42*f + 174 = 44*f. Let m be (f/6*124)/(2/8). Suppose 14 = -4*l + 6, -4*y - 2*l = -m. Is y a prime number?
False
Let b be 5175/(-18)*(-5 - (-57)/15). Let v(h) = 399*h - 2. Let z be v(2). Let l = z - b. Is l a prime number?
False
Let c(z) = -7*z - 43. Let k be c(-9). Suppose k*n - 15*n - 14710 = 0. Is n a composite number?
True
Suppose w + 4*t + 10 = -10, 2*w - 5*t + 105 = 0. Let m = 40 + w. Suppose -6*y + 3127 - 43 = m. Is y prime?
False
Let c(n) = 20277*n**3 - n**2 + 5*n - 1. Let y be c(2). Suppose 25*p - y - 145854 = 0. Is p composite?
False
Let x(s) = 5*s**2 + 5*s + 2. Suppose -3 = 6*u + 3. Let l be x(u). Is (2327/26)/((l/(-12))/(-1)) a composite number?
True
Let k(v) = 996*v - 3. Let m(c) = -4980*c + 14. Let u(i) = -11*k(i) - 2*m(i). Is u(-6) a composite number?
False
Let a(q) = -729*q + 737. Is a(-48) a composite number?
False
Let b = -28 + 62. Is ((-1941)/(-9))/(b/(-6) - -6) prime?
True
Is (0 - 7) + (-5 - (-33218 - 17)) a composite number?
False
Let k = 3887 + -11. Let w = -1663 + k. Is w a composite number?
False
Suppose 7*t - a - 29581 = 2*t, 2*a = -t + 5925. Let w = t - 71. Suppose 9*g = -5*x + 6*g + w, -5*g = -5*x + 5870. Is x composite?
False
Let n = 89 + -87. Suppose 4*q = -0*d - 5*d + 4, n*d + 1 = q. Suppose 2*r = 2*t - 2*r - 722, d = 5*t + r - 1860. Is t prime?
False
Let j(f) = 1453*f - 283. Let v be (-52)/(-12) - (-10)/15. Is j(v) a composite number?
True
Let t = 112702 - -23493. Is t prime?
False
Let i = -42 - -62. Suppose 0*q = -q + r - 2, 0 = -5*q - r + i. Is (-1)/(-2)*q + 643/2 a composite number?
True
Is -8 - (-3 + 1843758/(-21)) a prime number?
True
Suppose -64116 = -13*r + 17940. Suppose 5*x - 4753 = r. Is x composite?
False
Let o(l) = 12012*l**2 + 223*l + 1114. Is o(-5) a composite number?
False
Is (18 - 411606/(-9)) + -15 a prime number?
True
Let o(t) = -5*t**3 - 14*t + 12. Let z be 3/(-39) - 336/26. Is o(z) a prime number?
False
Let s be 6/18*(-3 - 0). Let x be s + -3 - 0 - -340. Suppose -x - 2186 = -2*a + 4*n, -3*a + 3783 = 3*n. Is a composite?
True
Suppose 75*w = -16*w + 1114841. Is w a prime number?
True
Let q(h) = h**2 + 4*h - 187. Let o be q(35). Suppose -34*w - 5*u = -38*w + 4701, -4*u = -w + o. Is w a prime number?
False
Let v be 1/2 - 29109/(-62). Suppose -39*k = -44*k + v. Is k prime?
False
Is ((-209697)/12)/((-60)/1680) prime?
False
Suppose 0 = -a - 5*s + 29441, -7*s + 58896 = 2*a - 4*s. Is a a composite number?
True
Is (293036/(-3))/((-160)/120) composite?
False
Let r(n) = -n**3 + 12*n**2 + 2*n - 21. Let u be r(12). Suppose 2*y - 15 = -u*y, -5*m + 6095 = 5*y. Let b = 2909 - m. Is b a prime number?
True
Let d(b) = 0*b**2 - 8 + 5*b**2 + 9*b - 37*b. Is d(-13) a prime number?
True
Let z(w) = -w**2 - 24*w - 87. Let n be z(-4). Is 23/(69/8580) - n a composite number?
True
Suppose -2*i + 4894 + 3494 = 0. Suppose -5*c - t + 6476 = -i, 4*t = -3*c + 6419. Suppose -5*v - 2*y + 614 = -c, -4*v + 3*y = -2216. Is v prime?
False
Let u = 1051495 - 518646. Is u a composite number?
False
Let d(h) = -383*h - 9. Let t be d(-7). Let a = 3988 - t. Is 9/6*a/6 prime?
False
Let f(x) = 24*x - 39. Let s be f(3). Let o = 700 - s. Is o a prime number?
False
Suppose -3*t + 1499854 = 5*w, -2*t - w + 934021 + 65870 = 0. Is t a prime number?
True
Suppose 20 = j + 4*b, -3*j - 2 = -2*b + 8. Let r(f) = 2*f**2 + f + 1 + 4*f**3 + j*f**3 + 0*f. Is r(4) prime?
True
Let p = -713 - -720. Suppose -120380 = -p*h - 12573. Is h a composite number?
False
Suppose 5*s + 11 = x, 2*x = -2*s - s + 9. Suppose 207883 = 19*a - x*a. Is a a composite number?
False
Let k(q) = 168*q + 62. Let v be k(3). Let f = v + -381. Is f composite?
True
Let y(a) = a**2 + 4*a - 20. Let d = 19 - 27. Let l be y(d). Is 3/(0 + l/316) prime?
True
Let h(s) = s + 40. Suppose -2*b + 5*l = -57, 5*b - 204 = 5*l - 39. Suppose 2 = 2*w - b. Is h(w) a prime number?
True
Suppose -28*p - 187913 - 336779 = 0. Let u = p - -58386. Is u prime?
False
Suppose 2*m - 2*d + 2 = 0, -2 = -2*d + 4. Let w(g) = 3*g - g**2 + 5*g - m*g + 87*g**3 - 3 + 0. Is w(2) prime?
True
Let f = 563508 + -112951. Is f a composite number?
False
Suppose 2*i = 4*o - 14, 1 = -2*o + 7*o + 3*i. Suppose o*j = 4*r - 64878, -j + 30781 = 3*r - 17865. Is r composite?
False
Let t be -3 + (-1 - 0)*3. Let x be (3/t)/(8/(-64)). Suppose -3*k + 2*k + 222 = n, x*k - 858 = 2*n. Is k composite?
True
Let k = -13 + 18. Let s(q) = 371*q + 7. Let g(o) = 349*o + 7. Let y(h) = -4*g(h) + 5*s(h). Is y(k) a composite number?
True
Is (18/(-4)*10/12)/(393/(-2569172)) prime?
False
Let z be ((-180)/(-27))/((-4)/6). Is 335/z*-2*2 a prime number?
False
Let d(m) = 248*m - 73. Let a = 64 + -55. Is d(a) composite?
True
Let u = -75060 - -274979. Is u prime?
False
Suppose 22*h + 25460041 = -4*h + 66238935. Is h a prime number?
True
Let j = 215 + -210. Suppose 20*s - j*h + 20388 = 23*s, -4*h + 20385 = 3*s. Is s prime?
True
Suppose 760*g - 7906 = 758*g + 2*y, 3965 = g - 4*y. Is g a composite number?
True
Let b(o) be the first derivative of -5*o + 5/2*o**2 + 5/2*o**4 + 19 + 2/3*o**3. Is b(3) a prime number?
False
Let b be 1/(5/15) - 3. Let x be -149*(-1 - b)*2. Suppose 3*l + x = 5*l. Is l a composite number?
False
Let a(y) = -y**2 - 13*y + 6. Let c be a(-13). Let z(w) = 2*w**2 - 8*w - 4. Let r be z(c). Let n(k) = -k**2 + 27*k - 7. Is n(r) composite?
True
Let u = -968 - -1424. Suppose -1709 = -z - u. Suppose 0 = -4*d + 5*d - z. Is d composite?
True
Let h(i) = 32*i**3 - 3*i**2 + 5*i + 6. Let k be h(-5). Let w = 9535 + k. Suppose -w = 4*r - 7*r - 4*m, -5*m = -4*r + 7234. Is r a composite number?
False
Let b = 12 + -8. Suppose 2 = -2*q, -b*m - q = 450 - 3205. Is m a composite number?
True
Let i = 2975 - 2975. Suppose 4*y - 4*q = 4, 2*q + 8 = 5*y - y. Is -863*(y/((-3)/1) - i) composite?
False
Suppose -l + 5*l = 2*y + 2, l + 12 = 3*y. Suppose -y*q = 5*x - 5, -2*q + 0 = -3*x + 23. Suppose -x*b + b + 1828 = 0. Is b prime?
True
Is 584889*((-208)/24 + 9) - (-3 + 3) composite?
False
Let i(n) = 33*n**2 + 322*n - 393. Is i(50) a prime number?
True
Let j(h) = -6*h - 32. Let p be j(-6). Suppose g + 0 = -2*n - 2, n + 2*g + p = 0. Suppose 3*s - 2634 = -3*r, n = -3*r - 0*s - s + 2636. Is r a composite number?
True
Is 9 - (-29 + 19 + 10*-31572) prime?
True
Suppose 5*d - 27 = -w + 3*w, -5*d = -4*w - 29. Let k = -1956 - -1958. Suppose k*c = -d*p + 4153, -2*c + 2490 = 3*p + c. Is p composite?
True
Let w be ((-12)/(-20))/((-2)/(-10)). Suppose w*f = f + 8. Suppose f*i + 4*j + j = 1093, -15 = -3*j. Is i prime?
False
Let x(y) = 2*y - 22. Let h be x(13). Suppose -5*w - 587 = -2*z, h*z - 637 - 502 = 3*w. Let j = -27 + z. Is j composite?
True
Let g = 189 + -184. Let s(k) = -k**3 + 4*k**2 - 4*k + 3. Let u be s(3). Suppose g*y - 1456 - 1749 = u. Is y prime?
True
Let l = 1676 + 37. Let a be (-3 + 9 + 4)*-97. Let u = a + l. Is u prime?
True
Suppose 2*t - 2*d - 6010 = -7*d, -